 108 and s?
9
Suppose 2*j = -4*k + 4976, -3*j = 2*k - 1196 - 1296. What is the highest common factor of k and 565?
113
Let g = -180 + 189. What is the greatest common divisor of g and 171?
9
Let k be 870*((-1)/(-3))/((-10)/(-15)). Calculate the highest common factor of 261 and k.
87
Let q(g) = -9*g. Let d be q(1). Let h(w) = 5*w**2 - 2*w - 2. Let s be h(2). Let c = d + s. What is the greatest common factor of c and 55?
5
Let v be ((-6)/(-9) + (-1696)/6)/(-2). What is the greatest common divisor of v and 3?
3
Let i be -2 - (-29)/(1 - 2). Let t = 37 + i. Calculate the greatest common factor of t and 42.
6
Let g be (0 - -1)/(109/6540). What is the greatest common divisor of g and 10?
10
Suppose k - 4*d - 100 = 0, -3*k - 2*d = -6*k + 260. What is the highest common factor of k and 35?
7
Let n be 6 + (-3)/5 + 17974/190. What is the greatest common divisor of 60 and n?
20
Let m(g) = 5*g + 2 - 4*g + 5*g. Let p be m(-3). Let i be (3 - (-9)/(-2))*p. What is the highest common factor of 192 and i?
24
Suppose -3211 = 12*g - 3247. What is the greatest common divisor of 73 and g?
1
Let s be -1*((-3482)/13 - (-20)/(-130)). Calculate the greatest common divisor of s and 4.
4
Let t be 21/6*24/28. Suppose 4*a - 23 = -t. What is the highest common factor of a and 2?
1
Suppose 0 = -5*h + 4*h. Let b be (h - -1)*0 - -12. Suppose -5*u = -10, -5*j + 658 = -40*u + 39*u. What is the highest common divisor of j and b?
12
Suppose -41*q = -6251 + 19. What is the greatest common divisor of q and 40?
8
Let x be 2 + -2 - (-15)/(4 - 1). Suppose 5*a - 245 = x*r, -r - 141 = -3*a - 4*r. Calculate the highest common divisor of 6 and a.
6
Suppose 176*j + 54 = 185*j. Calculate the highest common divisor of j and 16.
2
Let u = 290 - 200. Calculate the greatest common divisor of 54 and u.
18
Let n(g) = g**2 - 2*g + 3. Let o be n(4). Suppose 5*h - 49 = o. Calculate the highest common divisor of 132 and h.
12
Let n = -1569 - -1599. What is the highest common divisor of 530 and n?
10
Let k(h) = 157*h**3 + h**2 - 5*h + 5. Let r be k(1). Suppose -r = -3*s + u, 59 + 37 = 2*s + 4*u. What is the greatest common divisor of s and 130?
26
Let p = 240 - 219. Calculate the greatest common factor of p and 21.
21
Let w = -103 + 147. Let m be 194/18 + 10/405*9. Calculate the highest common divisor of w and m.
11
Suppose -j = -2*m + 69, -7*m = -8*m + 4*j + 24. What is the highest common factor of 96 and m?
12
Suppose -3*j = v + 22, 2 = -4*j + 5*v - 2. Let n be 3/2*(-8)/j. Suppose -n*l - l = -330. What is the highest common factor of l and 10?
10
Let p be ((-15)/((-105)/(-56)))/(1/(-10)). What is the greatest common factor of 128 and p?
16
Suppose 6*p = 2*p - 28. Let t = -5 - p. Let k(i) = 9*i + 1. Let c be k(t). Calculate the greatest common divisor of c and 152.
19
Suppose 0 = 5*g - 243 - 447. Calculate the highest common factor of 207 and g.
69
Let k = -14 - -59. Suppose -2*x - k = -7*x. What is the highest common factor of 9 and x?
9
Let n be ((0 - 0)/3)/(-2). Suppose -5*s + 5*x + 90 = n, -120 = -5*s + x - 50. Calculate the greatest common divisor of 13 and s.
13
Suppose -4*j = -0*j - 16. Let w(p) = p**3 + p**2 + p + 140. Let m be w(0). Suppose j*x = -x + m. What is the greatest common divisor of x and 14?
14
Suppose -4*j = -883 + 807. Calculate the greatest common factor of 779 and j.
19
Let c(d) = 28*d**2 - 9*d + 9. Let g be c(-3). What is the highest common factor of g and 96?
96
Suppose 0 = 8*o + 4 - 68. Calculate the greatest common factor of 88 and o.
8
Let a(k) = 143*k**3 + k**2 - 13*k + 10. Let x be a(1). What is the greatest common divisor of 94 and x?
47
Let l be ((-530)/742)/(1/(-7)). Calculate the highest common divisor of 5 and l.
5
Suppose 3*p + 55 = v, -3*v + p + 152 = 19. Suppose 0 = 9*m - v + 16. What is the highest common factor of 27 and m?
3
Let n be 3610/(-57)*-33*4/5. Calculate the greatest common factor of n and 304.
152
Let u(i) be the third derivative of 1/60*i**5 + 11/24*i**4 + 0 + 4/3*i**3 + 0*i - 4*i**2. Let m be u(-13). Calculate the greatest common divisor of 17 and m.
17
Let o be -15*4/36*-3. Let h(r) = r - 2. Let w be (48/(-18))/(4/(-6)). Let x be h(w). Calculate the greatest common divisor of x and o.
1
Let w(j) = -2*j**3 - 6*j**2 + 3*j + 5. Let l(k) = k**2 + k - 5. Let s be l(0). Let c be w(s). Let t = c + -28. Calculate the greatest common factor of 31 and t.
31
Suppose 36 = 2*m - 5*d, m - 2*d = -2*m + 54. Let w = 9 + -20. Let p(t) = -3*t - 24. Let y be p(w). What is the greatest common divisor of m and y?
9
Suppose -3*u = u - 576. Suppose 52 = 22*j - 300. What is the greatest common factor of j and u?
16
Let p be (-5 + -1)/((-6)/4). Suppose -5*v = p*m - 69, 2*m - v - 47 = -m. Calculate the highest common factor of m and 16.
16
Suppose -6*g + 4*g = 18. Let d = 14 + g. Suppose -4*l + 57 + 34 = -d*j, -j = -2*l + 41. What is the highest common divisor of 19 and l?
19
Let y(k) = 89*k - 62. Let d be y(14). What is the highest common divisor of 37 and d?
37
Let q be (187 - (1 + -1))*1. Let g(u) = u - 4. Let i(z) = 1. Let r(o) = -g(o) + 6*i(o). Let n be r(-7). Calculate the highest common divisor of q and n.
17
Suppose -5*x - 3042 = -s, -2*s + 6084 = -72*x + 68*x. What is the greatest common factor of s and 18?
18
Let v be (2/(-3))/(4*(-10)/4320). Suppose q - 5*h = 8, 2*q + 5*h = 2*h + 42. What is the highest common divisor of q and v?
18
Let o = -87 + 84. Let m be (14 - -1) + (-3)/o + -4. What is the highest common factor of 3 and m?
3
Let n(d) = -12*d**2 + 184*d - 12. Let v be n(15). What is the greatest common factor of 648 and v?
24
Suppose -j = -1 - 3. Suppose 0 = 5*t + f - 5, -3*t = j*f - 8 - 12. Suppose -4*i + 96 = -t. What is the highest common divisor of i and 8?
8
Let j = 286 + -172. Calculate the greatest common factor of 12 and j.
6
Suppose 8 = 2*w, 10*t = 11*t + 2*w - 56. What is the highest common divisor of 36 and t?
12
Suppose -2*v - 2 = 0, -x - 2*v + 6 = 4. What is the highest common factor of x and 74?
2
Suppose -2*k = -2*v + 2*k + 12, -3*v + k = -3. Suppose -4*f = -v*f + 160. Let i = 23 - f. Calculate the greatest common divisor of 9 and i.
9
Suppose 0 = -0*y - y + 57. Let i be 2/10 - (-1)/(-5). Suppose -4*w - 3*o - o + 168 = i, 3*o - 12 = 0. Calculate the greatest common divisor of y and w.
19
Let a(v) be the third derivative of -v**4/4 - 3*v**2. Let f be a(-5). Calculate the highest common divisor of f and 90.
30
Let p = -57 + -43. Let t = p + 163. What is the highest common factor of t and 36?
9
Let m(n) = 6*n**2 - 19. Let c be m(-4). What is the greatest common divisor of c and 14?
7
Let v(s) = s + 6. Let w be v(7). Suppose -4*o - 1 = -17. Suppose -3*j - 3*m = -33, o*j + 3*m = 6*m + 58. What is the greatest common factor of w and j?
13
Let g(i) = 0*i**3 + 0*i**2 - 2*i**2 + 5*i**2 + 5 + i**3. Let x be g(-3). Calculate the greatest common factor of 55 and x.
5
Let a = -21 - -196. Let j(h) = h**3 + 13*h**2 + 9*h - 11. Let l be j(-12). Calculate the highest common divisor of l and a.
25
Let n(l) = 2*l**3 - l**2 + 2*l - 3. Let d be n(4). Let h = 142 - 129. Calculate the greatest common factor of d and h.
13
Suppose 1 = 4*p - 3. Let u be 0/(-2 - p) - -4. Let k be 4*(-2)/u + 7. What is the highest common divisor of k and 50?
5
Let l be (-58 - -66)/(8/26). Let c = -41 - -119. What is the highest common divisor of l and c?
26
Let j = -178 - -196. What is the greatest common divisor of j and 6?
6
Let a = 1987 - 1986. Calculate the highest common divisor of a and 53.
1
Let c be (-6)/(-4)*(-24)/(-18). Let o be -12 + c + 1 + -3. Let v be (-117)/o + (-2)/(-8). Calculate the greatest common divisor of v and 30.
10
Suppose 132*u + 84 = 139*u. Suppose 0 = 7*a - 3*a - 8. Let r(i) = 2*i**2 - 2. Let w be r(a). Calculate the highest common divisor of w and u.
6
Suppose -h - 4*j + 12 = 0, -j = h - 4 - 11. Calculate the highest common divisor of 40 and h.
8
Let z be 159/12 - (-15)/20. Let i be (-4)/z + (-7)/(245/(-1060)). Calculate the highest common factor of i and 24.
6
Let t = 26 - 92. Let i be 200/11 + 12/t. Let v = -35 - -125. Calculate the greatest common divisor of v and i.
18
Let j = 37 + -31. Suppose -4*r = z - 27, r + 34 = j*r + z. What is the highest common divisor of 77 and r?
7
Let s be (9 - 291)/(9/(-2))*3. What is the highest common factor of s and 